{"id":237,"date":"2017-11-04T19:33:39","date_gmt":"2017-11-05T01:33:39","guid":{"rendered":"https:\/\/cunzac.usac.edu.gt\/?page_id=237"},"modified":"2026-02-23T13:12:18","modified_gmt":"2026-02-23T19:12:18","slug":"consejo-directivo-2","status":"publish","type":"page","link":"https:\/\/cunzac.usac.edu.gt\/index.php\/consejo-directivo-2\/","title":{"rendered":"CONSEJO DIRECTIVO"},"content":{"rendered":"[et_pb_section fb_built=\u00bb1&#8243; specialty=\u00bbon\u00bb _builder_version=\u00bb4.16&#8243; global_colors_info=\u00bb{}\u00bb][et_pb_column type=\u00bb3_4&#8243; specialty_columns=\u00bb3&#8243; _builder_version=\u00bb4.16&#8243; custom_padding=\u00bb|||\u00bb global_colors_info=\u00bb{}\u00bb custom_padding__hover=\u00bb|||\u00bb][et_pb_row_inner _builder_version=\u00bb4.16&#8243; use_background_color_gradient=\u00bbon\u00bb background_color_gradient_direction=\u00bb46deg\u00bb background_color_gradient_stops=\u00bb#0c71c3 0%|#1a295e 86%\u00bb background_color_gradient_start=\u00bb#0c71c3&#8243; background_color_gradient_end=\u00bb#1a295e\u00bb background_color_gradient_end_position=\u00bb86%\u00bb background_image=\u00bbhttps:\/\/cunzac.usac.edu.gt\/wp-content\/uploads\/2020\/06\/coding-background-texture.jpg\u00bb background_blend=\u00bboverlay\u00bb global_colors_info=\u00bb{}\u00bb][et_pb_column_inner saved_specialty_column_type=\u00bb3_4&#8243; _builder_version=\u00bb4.16&#8243; global_colors_info=\u00bb{}\u00bb][et_pb_text _builder_version=\u00bb4.16&#8243; header_font=\u00bbNova Round|700|||||||\u00bb header_font_size=\u00bb51px\u00bb background_layout=\u00bbdark\u00bb custom_padding=\u00bb|||\u00bb header_font_size_last_edited=\u00bboff|desktop\u00bb locked=\u00bboff\u00bb global_colors_info=\u00bb{}\u00bb]\n<h1 style=\"text-align: center;\">Consejo Directivo<\/h1>\n[\/et_pb_text][\/et_pb_column_inner][\/et_pb_row_inner][et_pb_row_inner _builder_version=\u00bb4.16&#8243; global_colors_info=\u00bb{}\u00bb][et_pb_column_inner saved_specialty_column_type=\u00bb3_4&#8243; _builder_version=\u00bb4.16&#8243; global_colors_info=\u00bb{}\u00bb][et_pb_text _builder_version=\u00bb4.16&#8243; text_line_height=\u00bb1.1em\u00bb global_colors_info=\u00bb{}\u00bb]\n<p><strong><span>Dr. Carlos Augusto Vargas G\u00e1lvez<\/span><\/strong><\/p>\n<p><span>Presidente<\/span><\/p>\n<p>&nbsp;<\/p>\n<p><span><strong>M.A. Carlos Cristian Josu\u00e9 Espinoza Portillo<\/strong><\/span><\/p>\n<p><span>Representante del Cuerpo de Docentes y Secretario.<\/span><\/p>\n<p>&nbsp;<\/p>\n<p><span><strong>Ing. Agr. Victor Estuardo Villalta Garc\u00eda<\/strong><\/span><\/p>\n<p><span>Representante del Cuerpo de Docentes.<\/span><\/p>\n<p>&nbsp;<\/p>\n<p><span><strong>M.Sc. Ferdy Jos\u00e9 Gr\u00e1vez\u00a0<\/strong><\/span><\/p>\n<p><span>Representante del Cuerpo de egresados.<\/span><\/p>\n<p>&nbsp;<\/p>\n<p><span><strong>Br. Melany Giselle portillo Mej\u00eda\u00a0<\/strong><\/span><\/p>\n<p><span>Representante estudiantil.<\/span><\/p>\n<p>&nbsp;<\/p>\n<p><span><strong>Br. Douglas Vargas Robinson\u00a0<\/strong><\/span><\/p>\n<p><span>Representante estudiantil.<\/span><\/p>\n<p>&nbsp;<\/p>\n<p><strong><span style=\"text-decoration: underline;\">Autoridades Acad\u00e9micas<\/span><\/strong><\/p>\n<p><strong>Director:\u00a0 Dr. Carlos Augusto Vargas G\u00e1lvez<\/strong><\/p>\n<p><strong>Director de Postgrado:\u00a0 Dr. Abel Arturo Morales Samayoa<\/strong><\/p>\n<p><strong>Coordinadora Acad\u00e9mica:\u00a0 M.Sc. Sonia Judith Villatoro J\u00e1come<\/strong><\/p>\n<p>&nbsp;<\/p>\n[\/et_pb_text][\/et_pb_column_inner][\/et_pb_row_inner][\/et_pb_column][et_pb_column type=\u00bb1_4&#8243; _builder_version=\u00bb4.16&#8243; custom_padding=\u00bb|||\u00bb global_colors_info=\u00bb{}\u00bb custom_padding__hover=\u00bb|||\u00bb][et_pb_sidebar orientation=\u00bbright\u00bb _builder_version=\u00bb4.16&#8243; header_font_size=\u00bb26px\u00bb body_font_size=\u00bb19px\u00bb global_colors_info=\u00bb{}\u00bb][\/et_pb_sidebar][\/et_pb_column][\/et_pb_section]\n","protected":false},"excerpt":{"rendered":"<p>Consejo DirectivoDr. Carlos Augusto Vargas G\u00e1lvez Presidente &nbsp; M.A. Carlos Cristian Josu\u00e9 Espinoza Portillo Representante del Cuerpo de Docentes y Secretario. &nbsp; Ing. Agr. Victor Estuardo Villalta Garc\u00eda Representante del Cuerpo de Docentes. &nbsp; M.Sc. Ferdy Jos\u00e9 Gr\u00e1vez\u00a0 Representante del Cuerpo de egresados. &nbsp; Br. Melany Giselle portillo Mej\u00eda\u00a0 Representante estudiantil. &nbsp; Br. Douglas Vargas [&hellip;]<\/p>\n","protected":false},"author":1,"featured_media":0,"parent":0,"menu_order":0,"comment_status":"closed","ping_status":"closed","template":"","meta":{"_et_pb_use_builder":"on","_et_pb_old_content":"[vc_row][vc_column css=\".vc_custom_1500499588745{background-image: url(http:\/\/localhost\/proyecto\/wp-content\/uploads\/2017\/06\/fondoTexto-5.png?id=256) !important;}\"][vc_column_text]\r\n<h2 style=\"text-align: left;\"><strong><span style=\"color: #993300;\">M.Sc. CARLOS AUGUSTO VARGAS G\u00c1LVEZ,<\/span><\/strong><\/h2>\r\n<h3 style=\"text-align: left;\"><span style=\"color: #993300;\">Director CUNZAC.<\/span><\/h3>\r\n<h2><\/h2>\r\n&nbsp;\r\n<h2 style=\"text-align: left;\"><span style=\"color: #993300;\"><strong>Lic. JOHNNY ALEXANDER ORT\u00cdZ QUIROA<\/strong>,<\/span><\/h2>\r\n<h3 style=\"text-align: left;\"><span style=\"color: #993300;\">Representante del Cuerpo de Docentes.<\/span><\/h3>\r\n<h2><\/h2>\r\n&nbsp;\r\n<h2 style=\"text-align: left;\"><span style=\"color: #993300;\"><strong>Dr. MANUEL LISANDRO BARRIOS IZ\u00c1S,<\/strong><\/span><\/h2>\r\n<h3 style=\"text-align: left;\"><span style=\"color: #993300;\">Representante del Cuerpo de Docentes.<\/span><\/h3>\r\n<h3><\/h3>\r\n&nbsp;\r\n<h2 style=\"text-align: left;\"><span style=\"color: #993300;\"><strong>Ing. EDI VASQUEZ SANTIAGO,\u00a0<\/strong><\/span><\/h2>\r\n<h3 style=\"text-align: left;\"><span style=\"color: #993300;\">Representante del Cuerpo de egresados<\/span><\/h3>\r\n<h2><\/h2>\r\n&nbsp;\r\n<h2 style=\"text-align: left;\"><span style=\"color: #993300;\"><strong>Se\u00f1orita\u00a0KARLA SELENA SOTO VEL\u00c1SQUEZ,\u00a0<\/strong><\/span><\/h2>\r\n<h3 style=\"text-align: left;\"><span style=\"color: #993300;\">Representante estudiantil del Centro Universitario de Zacapa.<\/span><\/h3>\r\n<h2><\/h2>\r\n&nbsp;\r\n<h2 style=\"text-align: left;\"><strong>\u00a0<\/strong><span style=\"color: #993300;\"><strong>Se\u00f1or\u00a0FERDY JOS\u00c9 GRAVEZ,\u00a0<\/strong><\/span><\/h2>\r\n<h3 style=\"text-align: left;\"><span style=\"color: #993300;\">Representante estudiantil del Centro Universitario de Zacapa.<\/span><\/h3>\r\n<h2><\/h2>\r\n&nbsp;\r\n<h2 style=\"text-align: left;\"><span style=\"color: #993300;\"><strong>Ing.\u00a0\u00a0V\u00cdCTOR ESTUARDO VILLALTA GARC\u00cdA,<\/strong><\/span><\/h2>\r\n<h3 style=\"text-align: left;\"><span style=\"color: #993300;\">Secretario.<\/span><\/h3>\r\n[\/vc_column_text][\/vc_column][\/vc_row]","_et_gb_content_width":"","footnotes":""},"class_list":["post-237","page","type-page","status-publish","hentry"],"_links":{"self":[{"href":"https:\/\/cunzac.usac.edu.gt\/index.php\/wp-json\/wp\/v2\/pages\/237","targetHints":{"allow":["GET"]}}],"collection":[{"href":"https:\/\/cunzac.usac.edu.gt\/index.php\/wp-json\/wp\/v2\/pages"}],"about":[{"href":"https:\/\/cunzac.usac.edu.gt\/index.php\/wp-json\/wp\/v2\/types\/page"}],"author":[{"embeddable":true,"href":"https:\/\/cunzac.usac.edu.gt\/index.php\/wp-json\/wp\/v2\/users\/1"}],"replies":[{"embeddable":true,"href":"https:\/\/cunzac.usac.edu.gt\/index.php\/wp-json\/wp\/v2\/comments?post=237"}],"version-history":[{"count":27,"href":"https:\/\/cunzac.usac.edu.gt\/index.php\/wp-json\/wp\/v2\/pages\/237\/revisions"}],"predecessor-version":[{"id":2017,"href":"https:\/\/cunzac.usac.edu.gt\/index.php\/wp-json\/wp\/v2\/pages\/237\/revisions\/2017"}],"wp:attachment":[{"href":"https:\/\/cunzac.usac.edu.gt\/index.php\/wp-json\/wp\/v2\/media?parent=237"}],"curies":[{"name":"wp","href":"https:\/\/api.w.org\/{rel}","templated":true}]}}